{"id":35,"date":"2018-07-17T15:22:46","date_gmt":"2018-07-17T15:22:46","guid":{"rendered":"https:\/\/swidalb.com\/?page_id=35"},"modified":"2019-01-10T15:28:09","modified_gmt":"2019-01-10T15:28:09","slug":"rreth-nesh","status":"publish","type":"page","link":"https:\/\/swidalb.com\/index.php\/rreth-nesh\/","title":{"rendered":"RRETH NESH"},"content":{"rendered":"<div class=\"wpb-content-wrapper\"><p>[vc_row css=&#8221;.vc_custom_1531840957337{margin-top: -40px !important;}&#8221;][vc_column][vc_custom_heading text=&#8221;MIR\u00cbSEVINI N\u00cb POWER SWID&#8221; font_container=&#8221;tag:h2|font_size:20|text_align:center&#8221; google_fonts=&#8221;font_family:Merriweather%3A300%2C300italic%2Cregular%2Citalic%2C700%2C700italic%2C900%2C900italic|font_style:300%20light%20regular%3A300%3Anormal&#8221;][vc_custom_heading text=&#8221;20 VITE EKSPERIENC\u00cb&#8221; font_container=&#8221;tag:h2|font_size:38|text_align:center&#8221; google_fonts=&#8221;font_family:Merriweather%3A300%2C300italic%2Cregular%2Citalic%2C700%2C700italic%2C900%2C900italic|font_style:700%20bold%20regular%3A700%3Anormal&#8221;][vc_empty_space height=&#8221;12px&#8221;][\/vc_column][\/vc_row][vc_row bg_type=&#8221;bg_color&#8221; bg_color_value=&#8221;#f7f7f7&#8243;][vc_column width=&#8221;1\/2&#8243;][vc_empty_space][vc_column_text css=&#8221;.vc_custom_1531838258415{padding-right: 10px !important;padding-left: 10px !important;}&#8221;]<\/p>\n<p style=\"text-align: justify;\">Kompania POWER (Swid) ka filluar aktivitetin e saj n\u00eb vitin 1998 n\u00eb fush\u00ebn e burimeve t\u00eb energjis\u00eb duke prezantuar n\u00eb tregun Shqiptar gjenerator\u00ebt Diesel t\u00eb mark\u00ebs Broadcrown prodhuar n\u00eb UK, paisje UPS t\u00eb ushqimit On-line p\u00ebr kompjuterat dhe paisjet e tjera me p\u00ebrgjegj\u00ebsi.<\/p>\n<p style=\"text-align: justify;\">Gjenerator\u00ebt elektronik\u00eb (Invertitor\u00ebt) t\u00eb cil\u00ebt krijojn\u00eb vijim\u00ebsi t\u00eb pun\u00ebs n\u00eb koh\u00ebn e nd\u00ebrprerjeve t\u00eb energjis\u00eb nga baterit\u00eb; t\u00eb p\u00ebrmir\u00ebsimit t\u00eb parametrave t\u00eb rrjetit elektrik n\u00ebp\u00ebrmjet Rregullator\u00ebve Automatik\u00eb t\u00eb Tensionit mono faz\u00eb dhe tre fazor\u00eb.<\/p>\n<p>[\/vc_column_text][\/vc_column][vc_column width=&#8221;1\/2&#8243;][vc_single_image image=&#8221;42&#8243; img_size=&#8221;550X300&#8243; alignment=&#8221;center&#8221; image_hovers=&#8221;false&#8221;][\/vc_column][\/vc_row][vc_row][vc_column][vc_empty_space height=&#8221;22px&#8221;][\/vc_column][\/vc_row][vc_row][vc_column][vc_custom_heading text=&#8221;P\u00cbRSE T\u00cb NA ZGJIDHNI NE&#8221; font_container=&#8221;tag:h2|font_size:25|text_align:center&#8221; google_fonts=&#8221;font_family:Merriweather%3A300%2C300italic%2Cregular%2Citalic%2C700%2C700italic%2C900%2C900italic|font_style:700%20bold%20regular%3A700%3Anormal&#8221;][vc_empty_space height=&#8221;22px&#8221;][vc_row_inner][vc_column_inner width=&#8221;1\/3&#8243;]<div class=\"aio-icon-component    style_1\"><div id=\"Info-box-wrap-6067\" class=\"aio-icon-box top-icon\" style=\"\"  ><div class=\"aio-icon-top\"><div class=\"ult-just-icon-wrapper  \"><div class=\"align-icon\" style=\"text-align:center;\">\n<div class=\"aio-icon-img  uavc-square \" style=\"font-size:60px;background:#ffffff;display:inline-block;\" >\n\t<img decoding=\"async\" class=\"img-icon\" alt=\"null\" src=\"https:\/\/swidalb.com\/wp-content\/uploads\/2018\/07\/satisfaction.png\"\/>\n<\/div><\/div><\/div><\/div><div class=\"aio-icon-header\" ><h3 class=\"aio-icon-title ult-responsive\"  data-ultimate-target='#Info-box-wrap-6067 .aio-icon-title'  data-responsive-json-new='{\"font-size\":\"\",\"line-height\":\"\"}'  style=\"\"> K\u00ebnaqshm\u00ebria 100%<\/h3><\/div> <!-- header --><\/div> <!-- aio-icon-box --><\/div> <!-- aio-icon-component -->[\/vc_column_inner][vc_column_inner width=&#8221;1\/3&#8243;]<div class=\"aio-icon-component    style_1\"><div id=\"Info-box-wrap-6410\" class=\"aio-icon-box top-icon\" style=\"\"  ><div class=\"aio-icon-top\"><div class=\"ult-just-icon-wrapper  \"><div class=\"align-icon\" style=\"text-align:center;\">\n<div class=\"aio-icon-img  uavc-square \" style=\"font-size:60px;background:#ffffff;display:inline-block;\" >\n\t<img decoding=\"async\" class=\"img-icon\" alt=\"null\" src=\"https:\/\/swidalb.com\/wp-content\/uploads\/2018\/07\/reliability.png\"\/>\n<\/div><\/div><\/div><\/div><div class=\"aio-icon-header\" ><h3 class=\"aio-icon-title ult-responsive\"  data-ultimate-target='#Info-box-wrap-6410 .aio-icon-title'  data-responsive-json-new='{\"font-size\":\"\",\"line-height\":\"\"}'  style=\"\">100% Besueshm\u00ebri<\/h3><\/div> <!-- header --><\/div> <!-- aio-icon-box --><\/div> <!-- aio-icon-component -->[\/vc_column_inner][vc_column_inner width=&#8221;1\/3&#8243;]<div class=\"aio-icon-component    style_1\"><div id=\"Info-box-wrap-2327\" class=\"aio-icon-box top-icon\" style=\"\"  ><div class=\"aio-icon-top\"><div class=\"ult-just-icon-wrapper  \"><div class=\"align-icon\" style=\"text-align:center;\">\n<div class=\"aio-icon-img  uavc-square \" style=\"font-size:60px;background:#ffffff;display:inline-block;\" >\n\t<img decoding=\"async\" class=\"img-icon\" alt=\"null\" src=\"https:\/\/swidalb.com\/wp-content\/uploads\/2018\/07\/satisfaction.png\"\/>\n<\/div><\/div><\/div><\/div><div class=\"aio-icon-header\" ><h3 class=\"aio-icon-title ult-responsive\"  data-ultimate-target='#Info-box-wrap-2327 .aio-icon-title'  data-responsive-json-new='{\"font-size\":\"\",\"line-height\":\"\"}'  style=\"\">100% Cil\u00ebsi<\/h3><\/div> <!-- header --><\/div> <!-- aio-icon-box --><\/div> <!-- aio-icon-component -->[\/vc_column_inner][\/vc_row_inner][\/vc_column][\/vc_row]<\/p>\n<\/div>","protected":false},"excerpt":{"rendered":"<p>[vc_row css=&#8221;.vc_custom_1531840957337{margin-top: -40px !important;}&#8221;][vc_column][vc_custom_heading text=&#8221;MIR\u00cbSEVINI N\u00cb POWER SWID&#8221; font_container=&#8221;tag:h2|font_size:20|text_align:center&#8221; google_fonts=&#8221;font_family:Merriweather%3A300%2C300italic%2Cregular%2Citalic%2C700%2C700italic%2C900%2C900italic|font_style:300%20light%20regular%3A300%3Anormal&#8221;][vc_custom_heading text=&#8221;20 VITE EKSPERIENC\u00cb&#8221; font_container=&#8221;tag:h2|font_size:38|text_align:center&#8221; google_fonts=&#8221;font_family:Merriweather%3A300%2C300italic%2Cregular%2Citalic%2C700%2C700italic%2C900%2C900italic|font_style:700%20bold%20regular%3A700%3Anormal&#8221;][vc_empty_space height=&#8221;12px&#8221;][\/vc_column][\/vc_row][vc_row bg_type=&#8221;bg_color&#8221; bg_color_value=&#8221;#f7f7f7&#8243;][vc_column width=&#8221;1\/2&#8243;][vc_empty_space][vc_column_text css=&#8221;.vc_custom_1531838258415{padding-right: 10px !important;padding-left: 10px !important;}&#8221;] Kompania POWER (Swid) ka filluar aktivitetin e saj n\u00eb vitin 1998 n\u00eb fush\u00ebn e burimeve t\u00eb energjis\u00eb duke prezantuar n\u00eb tregun Shqiptar gjenerator\u00ebt Diesel t\u00eb mark\u00ebs Broadcrown prodhuar n\u00eb UK, paisje&hellip;<\/p>\n","protected":false},"author":2,"featured_media":0,"parent":0,"menu_order":0,"comment_status":"closed","ping_status":"closed","template":"","meta":{"footnotes":""},"class_list":["post-35","page","type-page","status-publish","hentry","description-off"],"_links":{"self":[{"href":"https:\/\/swidalb.com\/index.php\/wp-json\/wp\/v2\/pages\/35","targetHints":{"allow":["GET"]}}],"collection":[{"href":"https:\/\/swidalb.com\/index.php\/wp-json\/wp\/v2\/pages"}],"about":[{"href":"https:\/\/swidalb.com\/index.php\/wp-json\/wp\/v2\/types\/page"}],"author":[{"embeddable":true,"href":"https:\/\/swidalb.com\/index.php\/wp-json\/wp\/v2\/users\/2"}],"replies":[{"embeddable":true,"href":"https:\/\/swidalb.com\/index.php\/wp-json\/wp\/v2\/comments?post=35"}],"version-history":[{"count":29,"href":"https:\/\/swidalb.com\/index.php\/wp-json\/wp\/v2\/pages\/35\/revisions"}],"predecessor-version":[{"id":104,"href":"https:\/\/swidalb.com\/index.php\/wp-json\/wp\/v2\/pages\/35\/revisions\/104"}],"wp:attachment":[{"href":"https:\/\/swidalb.com\/index.php\/wp-json\/wp\/v2\/media?parent=35"}],"curies":[{"name":"wp","href":"https:\/\/api.w.org\/{rel}","templated":true}]}}